-5*n. What is the remainder when 80 is divided by n + 0 + (-4)/(56/(-42))?
20
Suppose -3*u = -5*x + 208, -x - 10*u + 12 = -18*u. Calculate the remainder when 385 is divided by x.
33
Suppose 2393 = 11*h - 2667. Let t = -363 + h. What is the remainder when t is divided by 19?
2
Let c be 1 + 0 + 3 + -4. Let t = 16 - 6. Calculate the remainder when 1 - -13 - (-1 - c) is divided by t.
5
What is the remainder when 116/1044 - (-467)/9 is divided by 17?
1
Suppose -81*x = 54*x - 3105. Calculate the remainder when 666 is divided by x.
22
Let s = -36 - -55. Let v = -654567 + 654624. Calculate the remainder when v is divided by s.
0
Let f = 7715 + -3129. What is the remainder when f is divided by 90?
86
Suppose 0*n = 5*n. Suppose n*j - 10 = -5*j. Suppose j*m + r = 101, m = -m - 4*r + 92. What is the remainder when 103 is divided by m?
51
What is the remainder when 98/(-392) + (-609)/(-4) is divided by 131?
21
Let l = 210 + -162. Let z(d) = -5*d**3 - 25*d**2 + 9*d + 15. What is the remainder when z(-6) is divided by l?
45
Let b(x) = 10*x**2 - x + 2. Let o be b(-2). Suppose 0 = -2*k - 12 + o. Let m = 4266 + -4264. What is the remainder when k is divided by m?
0
Suppose 4*p = -5*d + 1077, -470*d + 465*d + 1140 = -5*p. What is the remainder when 1112 is divided by d?
7
Suppose 0 = -3*m + 66*s - 63*s, -s = 1. What is the remainder when m/(-6) - 3/((-18)/269) is divided by 16?
13
What is the remainder when (27/6 + -2)*(-5070320)/(-1525) is divided by 2075?
12
Let p be (-11184)/(-40) - -3*6/45. Suppose -328*j + p = -323*j. What is the remainder when 180 is divided by j?
12
Suppose 3*t + 2*h - 74 = 0, 42*t - 6*h = 41*t + 98. Suppose -3*l + 620 = 2*l. What is the remainder when l is divided by t?
28
Let o be (5*1)/(1 + (-6)/(-4)). Suppose 4*z - 222 = 5*y - 571, o*y + z - 137 = 0. Let f = 83 - y. Calculate the remainder when f is divided by 4.
2
What is the remainder when 5730 is divided by (((-5453)/228)/41)/((-2)/8)*39?
88
Suppose 54*x = 57*x - 5097. What is the remainder when x is divided by 10?
9
Let m(i) = 4*i**2 - 2*i + 2. What is the remainder when 3170/(-25)*(18 + (-902)/44) is divided by m(3)?
29
Let k(l) = l**2 + 49*l - 553. What is the remainder when 3388 is divided by k(10)?
21
Let k(b) = b**3 - 4*b**2 + 13*b + 27. What is the remainder when 814 is divided by k(5)?
112
What is the remainder when (-75032)/(-28) - (-10 - (-748)/77) is divided by 61?
57
Calculate the remainder when 5 - (-7 - (455 + 3)) is divided by 156.
2
Let k(g) = g**2 + 87. Suppose -95*m - 105 = -107*m + 183. Calculate the remainder when k(0) is divided by m.
15
Calculate the remainder when 2969 is divided by 22 - (47 - 22) - -57.
53
Let c(l) = 278*l + 7108. Calculate the remainder when c(-22) is divided by 37.
30
Let z = -6766 - -7139. What is the remainder when z is divided by 116?
25
Let y = 2920 - 2814. Let v = 0 - 0. Suppose -8 + 57 = w + 5*q, 2*w + 2*q - y = v. Calculate the remainder when w is divided by 11.
10
Suppose 0 = 5*a + 2*o - 165, a - 5*a + 132 = 2*o. Suppose 4*d = -15 - a. Let t(j) = j**2 + 12*j + 18. What is the remainder when t(d) is divided by 10?
8
Let q = -7 + -4. Let c be (-827)/(-15) - ((-44)/30)/q. Let x = -13 + c. What is the remainder when x is divided by 12?
6
Let o = 13 - 11. Let k(y) = 2*y**3 + y**2 - 2*y - 3. Let z be k(o). Suppose 0 = z*h - 14*h + 24. Calculate the remainder when 117 is divided by h.
21
Suppose 81*t - 694 = 1331. Suppose 5*c - 1403 = -4*h + 57, -3*c = 0. Calculate the remainder when h is divided by t.
15
Suppose 54608 = -4*g - 8*c + 12*c, 4*g = -3*c - 54594. Calculate the remainder when (1 + 0)/(-4) + g/(-168) is divided by 25.
6
Suppose -7*p - 135 + 513 = 0. Suppose p = -5*c + 1454. What is the remainder when c is divided by 41?
34
Let m(g) = 9*g + 6. Suppose -4*h + 2*y + 6 = 0, 0*y - 7 = -4*h + y. Let v be m(h). Calculate the remainder when 76 is divided by -8*((-16)/v)/((-8)/(-30)).
16
Suppose -20*r + 37 = -83. Let i(l) = -l**2 + 17*l - 5. Let m = 7 + 9. Calculate the remainder when i(m) is divided by r.
5
Suppose p + 2*k + 5 - 14 = 0, -2*p + 5*k = 9. Suppose -p*a = 19*a - 2354. Calculate the remainder when a is divided by 18.
17
Let y(b) = -b + 54. Let m(v) = -35*v - 73. What is the remainder when y(-6) is divided by m(-3)?
28
Suppose 214 - 61 = 3*q - 3*b, -q = -3*b - 55. Calculate the remainder when 464 is divided by q.
23
Suppose t = -4*b + 313, -2*b - 3*t - 48 = -197. Calculate the remainder when 3394 is divided by b.
76
Suppose -3*x = -r - 352, 0 = -r - 113 + 115. Let u be (-3 + 4)/(1/5). Suppose 3*n - 48 = d, -n + 5*d - d + u = 0. What is the remainder when x is divided by n?
16
Let h(p) = -p**3 + 59*p**2 - 812*p - 5. Calculate the remainder when 3128 is divided by h(28).
2
Suppose 72*n = -2*k + 76*n + 1966, 0 = k - 4*n - 995. Calculate the remainder when k is divided by 36.
35
Calculate the remainder when (((-48)/(-15))/(209443/(-23270) - -9))/(-2) is divided by 715.
4
What is the remainder when (-18568)/(-14) - (56/(-35))/(84/(-15)) is divided by (-332)/(-2)*1/2?
81
Let y(s) be the third derivative of s**4/4 - 7*s**3/6 - 32*s**2. Calculate the remainder when y(10) is divided by ((-42)/(-28))/(3/32).
5
Suppose -x = -3*x + 82. Suppose -2*s - 4 = -10. Suppose -s*g - 77 = -10*g. What is the remainder when x is divided by g?
8
Suppose -796*w - 318 = -822*w + 5766. What is the remainder when w is divided by 123?
111
Suppose 160 = 23*n - 3*n. Let m(t) = -5*t - 1. What is the remainder when (-119*n/(-84))/(2/12) is divided by m(-2)?
5
Suppose -5708 = -73*g + 13053. Calculate the remainder when g is divided by 46.
27
Let s be (-2)/(-32) - 1140/(-192). Suppose -4*p - 136 = -4*f, -5*p + f - 148 = -p. Let q = s - p. What is the remainder when q is divided by 17?
10
Suppose 0 = -143*f + 139*f + 68. What is the remainder when (0/3 - 6/(-2)) + 38 is divided by f?
7
Suppose -2*g - 4*z + 90 = 0, 5*g - 4*z = g + 168. Suppose 0 = 4*i + 2*m - 102, 2*i + 3*m + g = 3*i. What is the remainder when i is divided by 6?
4
Suppose -3*r - r = 10*r - 1932. Calculate the remainder when 821 is divided by r.
131
Calculate the remainder when 40 is divided by ((-218)/(-10) - 2) + 9/45.
0
Let u be 6/4*24 + 3. Let m = 47 - u. Calculate the remainder when 191 is divided by m.
7
Let m be (-4)/26 + (-8079)/78*-2. Let u = 140 - m. What is the remainder when 0/(-6 - -4) - u is divided by 10?
7
Suppose -2*z + o + 0*o = -10, -10 = -2*z - 4*o. Suppose 108 = 14*x - z*x. Calculate the remainder when 24 is divided by x.
0
Let v = 10711 - 10693. Calculate the remainder when 2858 is divided by v.
14
Let j(z) = -75*z**2 + 7*z - 1. Let r be j(4). Calculate the remainder when r/46*1*(-4)/6 is divided by 12.
5
Let h = -16687 - -20057. What is the remainder when h is divided by 7?
3
Let a(c) = 98*c**2 - 44*c + 84. What is the remainder when a(2) is divided by 44?
36
Let o(r) = r**3 - 20*r**2 + 121*r - 56. Suppose 5*f - 129 = -2*a + 62, 4*a - 397 = 5*f. Let z = 137 - a. What is the remainder when o(10) is divided by z?
37
Let v be 74/555 - (-1 + 3634/30). What is the remainder when 4/6 + v/18*-5 is divided by 9?
7
Suppose 5*c - 57 = 23. Suppose 152*x + 1884 = 5126 + 5574. Calculate the remainder when x is divided by c.
10
Let h(w) = -3*w**2 - 6. Let g be h(-5). Let l = 10083 - 10062. Calculate the remainder when (2 - g)*(1 - 0) is divided by l.
20
Let d = 6334 - 6168. Calculate the remainder when d is divided by 26.
10
Suppose -5*g = -h - 3283 + 978, 4*h + 461 = g. Calculate the remainder when g is divided by 174.
113
Suppose -u = -i - 4*i - 13, 4*u + 3*i = 98. Let h(l) = 5*l - 8. Calculate the remainder when u is divided by h(6).
1
Suppose 3*f + 342 = 12*f. Let a be ((-6)/(-4))/((-3)/(-68)). Let d = 47 - a. What is the remainder when f is divided by d?
12
Let r = 45 + -42. Suppose 12 = y + r*y. Suppose c - 6*i = -3*i + 134, -3*i + 354 = y*c. What is the remainder when c is divided by 25?
22
Suppose 0 = -38*n + 44*n - 120. Suppose n*a - 166 - 334 = 0. Let u = -9 + 92. Calculate the remainder when u is divided by a.
8
Suppose 10*d = 18621 - 15861. Suppose -116 - 44 = -4*c. What is the remainder when d is divided by c?
36
Let g be ((-8)/2)/(-1 - (-32)/31). Let d = -82 - g. What is the remainder when 6/21 + (-5660)/(-35) is divided by d?
36
Suppose -3*u - 2*h = -965, 31*u - 2*h =